se 10
3774
What is 337 (base 11) in base 13?
250
Convert -24b (base 16) to base 4.
-21023
Convert 103120 (base 4) to base 9.
1627
-120310 (base 5) to base 16
-1167
Convert 21000112 (base 3) to base 2.
1001111111101
Convert -14d (base 16) to base 12.
-239
Convert 682a (base 14) to base 5.
1034240
What is -21112221 (base 3) in base 16?
-1582
-120151 (base 6) to base 2
-10100011000011
-14150 (base 10) to base 6
-145302
Convert 3424 (base 6) to base 8.
1450
What is -20250 (base 6) in base 4?
-222012
What is -4445 (base 6) in base 7?
-3011
Convert -3215 (base 7) to base 15.
-50e
What is 5bc (base 15) in base 16?
516
Convert 307 (base 13) to base 11.
428
Convert 10222 (base 4) to base 15.
14d
What is -14444 (base 6) in base 15?
-a57
What is c34 (base 16) in base 8?
6064
Convert -12133 (base 4) to base 15.
-1ca
What is 5917 (base 12) in base 2?
10011011100011
Convert -2101221 (base 4) to base 11.
-7004
What is 24758 (base 9) in base 5?
1013113
What is -1110020 (base 5) in base 16?
-4bb9
What is 41041 (base 6) in base 11?
4092
What is 95 (base 13) in base 16?
7a
Convert -30020 (base 4) to base 3.
-1001202
112011 (base 3) to base 6
1434
Convert d7 (base 14) to base 10.
189
What is -256324 (base 7) in base 8?
-135342
Convert -3b2 (base 14) to base 16.
-2e8
50a (base 13) to base 5
11410
What is 48d0 (base 16) in base 3?
221120101
404 (base 8) to base 15
125
Convert 448 (base 10) to base 5.
3243
Convert 550a (base 14) to base 7.
60613
Convert -2cb (base 14) to base 4.
-20323
-52301 (base 7) to base 10
-12839
Convert -795 (base 14) to base 5.
-22003
What is -45735 (base 10) in base 11?
-313a8
What is 36a (base 16) in base 6?
4014
2301321 (base 4) to base 14
4213
What is 97e (base 15) in base 2?
100001100000
-344 (base 9) to base 11
-238
Convert 21120011 (base 4) to base 7.
216653
Convert -10000111011 (base 2) to base 13.
-654
Convert -6871 (base 12) to base 2.
-10110101010101
Convert 33566 (base 8) to base 3.
201110212
Convert -544 (base 9) to base 2.
-110111101
-41001 (base 5) to base 9
-3537
What is -3599 (base 11) in base 13?
-21b0
What is 11537 (base 8) in base 3?
20210200
4040 (base 6) to base 9
1186
Convert 11100000101 (base 2) to base 5.
24142
-a996 (base 11) to base 6
-151052
Convert 469 (base 10) to base 2.
111010101
53100 (base 7) to base 4
3030123
-22166 (base 7) to base 12
-3295
What is -101231 (base 4) in base 6?
-5125
Convert 2e4a (base 16) to base 13.
5517
Convert 10424 (base 6) to base 8.
2660
Convert -4959 (base 12) to base 6.
-102153
Convert -1670 (base 15) to base 2.
-1001011011110
What is 2d23 (base 15) in base 16?
25ec
What is 12201212 (base 3) in base 5?
113211
Convert -1403210 (base 6) to base 16.
-13296
Convert -1102 (base 5) to base 10.
-152
What is -22020 (base 6) in base 11?
-2310
What is -6335 (base 14) in base 11?
-11935
Convert 877 (base 9) to base 12.
4ba
1022001102 (base 3) to base 8
61721
What is -21436 (base 7) in base 16?
-14f8
What is 13056 (base 9) in base 2?
10001001011111
What is -160 (base 8) in base 11?
-a2
What is 300014 (base 5) in base 12?
5520
What is -1000220000 (base 3) in base 4?
-10331223
-10000001 (base 2) to base 15
-89
Convert 1241 (base 5) to base 10.
196
Convert -13157 (base 10) to base 8.
-31545
-2104 (base 9) to base 4
-120013
What is 17634 (base 12) in base 13?
12481
Convert 4fd (base 16) to base 6.
5525
What is 40432 (base 6) in base 9?
7302
What is -1189 (base 15) in base 2?
-111010010001
Convert 3991 (base 11) to base 10.
5182
Convert -3a33 (base 13) to base 8.
-20203
What is -1310320 (base 4) in base 7?
-30544
Convert -1100011001001 (base 2) to base 9.
-8630
What is 60d2 (base 15) in base 14?
7647
Convert 1000100010 (base 2) to base 12.
396
What is 3201 (base 10) in base 9?
4346
What is 13202 (base 4) in base 12?
342
-245 (base 16) to base 9
-715
Convert 2b2 (base 15) to base 7.
1541
Convert 1604 (base 14) to base 9.
5340
Convert -56126 (base 9) to base 4.
-21012210
7c4 (base 16) to base 6
13112
Convert 32d (base 16) to base 10.
813
What is 14a (base 12) in base 2?
11001010
What is a4 (base 13) in base 2?
10000110
What is 5510 (base 12) in base 5?
244442
Convert -670 (base 13) to base 16.
-451
31b (base 12) to base 6
2035
Convert -3756 (base 8) to base 5.
-31110
What is 46515 (base 7) in base 5?
340134
What is 3134 (base 5) in base 6?
1535
What is 962a (base 11) in base 2?
11000111000001
30110301 (base 4) to base 11
34a22
6ca (base 14) to base 12
94a
Convert -4c9a (base 15) to base 13.
-7594
What is -251 (base 14) in base 6?
-2051
What is -4427 (base 9) in base 4?
-303001
Convert -10011000000 (base 2) to base 12.
-854
What is -5a969 (base 11) in base 2?
-10101011001111111
Convert 8c5 (base 16) to base 3.
10002011
591 (base 10) to base 2
1001001111
What is -997 (base 10) in base 5?
-12442
What is -2a15 (base 15) in base 14?
-3404
-135130 (base 6) to base 7
-52212
What is -11120211 (base 3) in base 4?
-310033
Convert 107c (base 15) to base 5.
102432
Convert -20204 (base 5) to base 7.
-3542
What is -3702 (base 8) in base 6?
-13110
What is -43322 (base 9) in base 2?
-111000000010110
What is -2253 (base 15) in base 6?
-53410
Convert 8912 (base 10) to base 9.
13202
Convert -2110 (base 4) to base 12.
-104
Convert 11111110101 (base 2) to base 7.
5640
Convert 270 (base 13) to base 15.
1d9
Convert -320330 (base 4) to base 8.
-7074
What is 201112211 (base 3) in base 16?
37ab
What is 20111002 (base 3) in base 12?
289b
What is -101021201 (base 3) in base 12?
-440a
20110010 (base 3) to base 7
16464
What is -29c (base 15) in base 12?
-419
-1001101000000101 (base 2) to base 7
-222645
-535 (base 9) to base 3
-121012
121200 (base 3) to base 4
13002
Convert -1022 (base 4) to base 11.
-68
What is 7ec (base 15) in base 14?
925
What is -12121221 (base 3) in base 7?
-14650
Convert -100010111000 (base 2) to base 13.
-1029
What is 17377 (base 9) in base 4?
2323021
Convert 402 (base 9) to base 16.
146
What is 2e53 (base 16) in base 2?
10111001010011
111033 (base 4) to base 9
1770
What is -179b (base 14) in base 13?
-1c22
Convert -276 (base 9) to base 16.
-e7
What is 504 (base 10) in base 8?
770
Convert -110210212 (base 3) to base 7.
-36140
295 (base 15) to base 12
412
Convert 2025 (base 6) to base 5.
3244
What is 4706 (base 16) in base 14?
68aa
Convert 249f (base 16) to base 8.
22237
What is -10103 (base 4) in base 3?
-101012
11466 (base 9) to base 5
221144
Convert -475 (base 9) to base 13.
-242
10010100100110 (base 2) to base 15
2c40
What is 37102 (base 9) in base 16?
6125
Convert 3332 (base 8) to base 4.
123122
2001121000 (base 3) to base 7
226104
Convert -1235 (base 16) to base 6.
-33325
360b (base 14) to base 2
10010011001011
-1121022210 (base 3) to base 8
-75540
3251 (base 8) to base 6
11521
Convert 12112 (base 3) to base 2.
10010101
-5604 (base 10) to base 12
-32b0
Convert -15287 (base 9) to base 4.
-2203033
Convert 11110111001010 (base 2) to base 13.
727a
Convert -22002023 (base 4) to base 7.
-230552
-1032133 (base 5) to base 9
-26360
What is -13330 (base 7) in base 10?
-3598
What is 2413 (base 7) in base 3?
1020001
What is -4137 (base 16) in base 10?
-16695
-261 (base 8) to base 13
-108
c3 (base 16) to base 9
236
8947 (base 10) to base 16
22f3
34101 (base 5) to base 10
2401
What is -103 (base 14) in base 6?
-531
What is 33330 (base 10) in base 14?
c20a
Convert a282 (base 11) to base 6.
143054
-1502 (base 9) to base 16
-470
Convert 3374 (base 13) to base 6.
53145
d090 (base 15) to base 14
12078
What is 36407 (base 8) in base 14?
599d
What is -11221020 (base 3) in base 14?
-144d
-136 (base 8) to base 15
-64
What is 25102 (base 8) in base 16?
2a42
-455 (base 6) to base 12
-12b
Convert -6134 (base 7) to base 15.
-972
Convert 25b2 (base 12) to base 6.
31542
-8ecb (base 15) to base 3
-1112121202
21245 (base 12) to base 5
2343131
Convert -372c (base 15) to base 8.
-26736
Convert 627 (base 8) to base 15.
1c2
What is 12c8 (base 15) in base 16?
fad
578 (base 9) to base 6
2112
Convert 1011100110 (base 2) to base 15.
347
Convert 10530 (base 6) to base 15.
699
-272 (base 10) to base 11
-228
Convert -565 (base 8) to base 12.
-271
Convert -5145 (base 6) to base 13.
-6a1
Convert -46f (base 16) to base 15.
-50a
Convert 23152 (base 6) to base 2.
110011101100
-351400 (base 6) to base 15
-8e13
What is -179 (base 16) in base 13?
